What is the millions digit of 1049853077?
9
What is the ten thousands digit of 189826157?
2
What is the tens digit of 56327955?
5
What is the ten thousands digit of 5923734161?
3
What is the hundred millions digit of 1600028092?
6
What is the thousands digit of 58981967?
1
What is the hundred thousands digit of 1570459515?
4
What is the millions digit of 110777836?
0
What is the ten millions digit of 6120004930?
2
What is the thousands digit of 194178037?
8
What is the units digit of 5407591789?
9
What is the hundred millions digit of 627598647?
6
What is the hundreds digit of 4714852?
8
What is the units digit of 1924583848?
8
What is the billions digit of 2555615808?
2
What is the tens digit of 1456543862?
6
What is the millions digit of 13765841?
3
What is the units digit of 2613797318?
8
What is the tens digit of 137975813?
1
What is the hundred thousands digit of 2135028752?
0
What is the hundreds digit of 418009117?
1
What is the hundred thousands digit of 27513385?
5
What is the ten thousands digit of 939120?
3
What is the tens digit of 82343836?
3
What is the ten thousands digit of 1059613247?
1
What is the millions digit of 163828142?
3
What is the hundred millions digit of 1636048732?
6
What is the units digit of 64629315?
5
What is the tens digit of 4018142?
4
What is the hundred thousands digit of 953773328?
7
What is the hundred millions digit of 342290618?
3
What is the ten thousands digit of 96785725?
8
What is the ten millions digit of 122494765?
2
What is the billions digit of 2164383757?
2
What is the units digit of 8213048953?
3
What is the hundreds digit of 90014444?
4
What is the ten thousands digit of 35821643?
2
What is the hundred thousands digit of 35116265?
1
What is the millions digit of 56658003?
6
What is the tens digit of 26926594?
9
What is the hundred millions digit of 2390303540?
3
What is the tens digit of 4066666781?
8
What is the billions digit of 2927269692?
2
What is the units digit of 2390080177?
7
What is the millions digit of 237873286?
7
What is the thousands digit of 1297169644?
9
What is the ten thousands digit of 2618496355?
9
What is the tens digit of 20615932?
3
What is the tens digit of 3400460903?
0
What is the millions digit of 4529165463?
9
What is the ten thousands digit of 234423388?
2
What is the millions digit of 983105021?
3
What is the thousands digit of 5946413341?
3
What is the ten millions digit of 99064278?
9
What is the units digit of 4768366068?
8
What is the tens digit of 1369171935?
3
What is the thousands digit of 514823053?
3
What is the ten millions digit of 1605239866?
0
What is the millions digit of 202710330?
2
What is the tens digit of 192845888?
8
What is the ten millions digit of 213156727?
1
What is the thousands digit of 82578516?
8
What is the hundred thousands digit of 87395367?
3
What is the units digit of 13335528?
8
What is the tens digit of 458215188?
8
What is the units digit of 42407656?
6
What is the hundred thousands digit of 20336476?
3
What is the units digit of 7809650?
0
What is the millions digit of 2219534186?
9
What is the ten millions digit of 1435495112?
3
What is the ten millions digit of 63856246?
6
What is the hundred thousands digit of 48630099?
6
What is the hundreds digit of 2643530885?
8
What is the millions digit of 6178150431?
8
What is the billions digit of 6200350021?
6
What is the ten thousands digit of 1250155014?
5
What is the thousands digit of 52431366?
1
What is the ten millions digit of 563972698?
6
What is the thousands digit of 149886064?
6
What is the tens digit of 83802388?
8
What is the thousands digit of 129295682?
5
What is the billions digit of 2911818857?
2
What is the thousands digit of 54442839?
2
What is the tens digit of 36981436?
3
What is the hundred thousands digit of 34885770?
8
What is the thousands digit of 98408190?
8
What is the thousands digit of 499867861?
7
What is the thousands digit of 163573009?
3
What is the ten thousands digit of 266006471?
0
What is the ten thousands digit of 3584286407?
8
What is the hundred thousands digit of 28136304?
1
What is the tens digit of 361314614?
1
What is the units digit of 1293181892?
2
What is the millions digit of 55318371?
5
What is the hundreds digit of 8031434?
4
What is the ten thousands digit of 85298637?
9
What is the ten millions digit of 6161083523?
6
What is the units digit of 926413628?
8
What is the tens digit of 206836422?
2
What is the thousands digit of 7475501064?
1
What is the units digit of 352862912?
2
What is the hundred millions digit of 189635472?
1
What is the units digit of 930097828?
8
What is the units digit of 90038114?
4
What is the hundred thousands digit of 20343012?
3
What is the millions digit of 10907846?
0
What is the ten millions digit of 1342776992?
4
What is the hundred thousands digit of 6692397550?
3
What is the hundreds digit of 23472640?
6
What is the units digit of 52179220?
0
What is the ten millions digit of 1569147343?
6
What is the hundreds digit of 68187546?
5
What is the billions digit of 1722602843?
1
What is the hundred millions digit of 801666118?
8
What is the hundreds digit of 25571274?
2
What is the hundreds digit of 26463450?
4
What is the units digit of 49607407?
7
What is the ten thousands digit of 674765656?
6
What is the units digit of 63074971?
1
What is the thousands digit of 5482779152?
9
What is the ten millions digit of 120967057?
2
What is the hundred thousands digit of 1604213419?
2
What is the millions digit of 1629642652?
9
What is the hundred millions digit of 2226042790?
2
What is the thousands digit of 2551796702?
6
What is the millions digit of 190332606?
0
What is the hundred thousands digit of 211963421?
9
What is the ten millions digit of 113790410?
1
What is the ten thousands digit of 235787625?
8
What is the hundred millions digit of 1990340452?
9
What is the ten millions digit of 2336093498?
3
What is the tens digit of 645008572?
7
What is the ten thousands digit of 155834653?
3
What is the hundred thousands digit of 8428770?
4
What is the hundreds digit of 52869336?
3
What is the tens digit of 125361846?
4
What is the billions digit of 3596058589?
3
What is the units digit of 1959373383?
3
What is the tens digit of 52710842?
4
What is the billions digit of 3901700195?
3
What is the millions digit of 984197766?
4
What is the ten thousands digit of 416168806?
6
What is the tens digit of 12142211?
1
What is the thousands digit of 9823280?
3
What is the tens digit of 9451736?
3
What is the hundred thousands digit of 3397786154?
7
What is the units digit of 407929457?
7
What is the hundreds digit of 395718180?
1
What is the hundreds digit of 691489584?
5
What is the tens digit of 85490788?
8
What is the ten thousands digit of 1042605954?
0
What is the tens digit of 49455584?
8
What is the units digit of 27497799?
9
What is the tens digit of 2026551713?
1
What is the millions digit of 367274490?
7
What is the millions digit of 1077534493?
7
What is the hundreds digit of 49813474?
4
What is the ten thousands digit of 7864442?
6
What is the ten thousands digit of 73789789?
8
What is the hundred millions digit of 837154182?
8
What is the ten thousands digit of 462001859?
0
What is the thousands digit of 53906938?
6
What is the units digit of 97811648?
8
What is the thousands digit of 3467969494?
9
What is the ten millions digit of 220979120?
2
What is the tens digit of 108114865?
6
What is the hundreds digit of 647041448?
4
What is the billions digit of 1876460938?
1
What is the millions digit of 1754277432?
4
What is the hundred thousands digit of 126323615?
3
What is the hundreds digit of 765138801?
8
What is the millions digit of 60369752?
0
What is the hundred millions digit of 549184170?
5
What is the ten millions digit of 665448841?
6
What is the ten millions digit of 531623590?
3
What is the ten millions digit of 89655018?
8
What is the hundreds digit of 548096424?
4
What is the hundred millions digit of 474899414?
4
What is the millions digit of 43049730?
3
What is the ten thousands digit of 1366707868?
0
What is the ten millions digit of 69413114?
6
What is the millions digit of 111846349?
1
What is the tens digit of 95735848?
4
What is the tens digit of 38748738?
3
What is the hundreds d